*(2 - 0). Let k be (-3)/(-15) + 1/n. Suppose -5*i + 50 + 55 = k. What is the tens digit of i?
2
Suppose 0 = -3*i + 2*m - 23, 5*m = i - 10 + 22. Let l(y) = y**3 + 9*y**2 + 3*y - 1. What is the tens digit of l(i)?
7
Let h = -52 + 94. Let q = h - 6. What is the tens digit of q?
3
Let q(d) = -8*d + 7. Let l be q(2). What is the hundreds digit of (-3)/l + (-2 - (-826)/6)?
1
Suppose -2*p = 3*b - 424, 0 = 4*p + 5*b - 119 - 731. What is the tens digit of p?
1
Let u = 419 - -842. What is the units digit of u?
1
Let s be 28 + -1 + 0/(-2). Suppose 0 = -4*b - 2 - 14. Let a = s + b. What is the tens digit of a?
2
Let t = 24 - 20. Suppose -t*j = -7*j. Suppose 4*n = -j*n + 120. What is the tens digit of n?
3
Let q be 3/(-4) - (-76)/16. Suppose -164 = -q*x + 772. What is the units digit of x?
4
Let v = -41 - -68. Suppose -4*t = -21 - v. What is the tens digit of t?
1
Suppose 8 = -2*j, -72*j + 70*j + 2818 = t. What is the hundreds digit of t?
8
Suppose -24 - 56 = -4*k. Let v(w) = 3*w - 78. Let b be v(34). Let q = b + k. What is the tens digit of q?
4
What is the units digit of 709/1 + ((-1)/(-1) - 0)?
0
Suppose 4*d = -0*d + 1032. Suppose 5*y + o - 413 = 0, 3*y - d = -o - 3*o. Suppose 3*i - y = -5*a + 175, 4*i = 16. What is the tens digit of a?
4
What is the hundreds digit of (-20)/25 + 16108/10?
6
Suppose -2*b + 3*b = 4. Suppose r + b*r = 20. Suppose -3*s + 4*f = -67, -r*s + 91 = -0*s - 5*f. What is the tens digit of s?
2
Let c = -162 + 327. Suppose -2*a + 76 = -4*x, 0*a = 4*a + 5*x - c. What is the tens digit of a?
4
Let x(n) = -n**3 + 8*n**2 + n - 3. Let d be x(8). Suppose -5*c + 153 + 82 = d*u, c + 149 = 3*u. What is the tens digit of u?
4
Let w(t) = -t**3 - 5*t**2 - 5*t - 5. Let g be 2 + -2 - (0 + -3). Suppose u = -0*u + 5*s - 20, -5*u + g*s = 34. What is the tens digit of w(u)?
2
Let x(u) = 9*u**2 + 8*u + 10. Let d be x(-2). Suppose 4*v + 4*y - 110 = 38, -3*v = -2*y - 121. Let c = v - d. What is the units digit of c?
9
Suppose 0 = -2*u - 2*r - 2, -3*r = -u + r + 14. Suppose -4*k = -u*k - 66. Let z = k + -15. What is the tens digit of z?
1
Let h = -350 - -184. What is the tens digit of h/(-2) + 3/1?
8
Let q(l) = -l**2 - 9 + 11*l - 8 - 4 + 7. What is the units digit of q(7)?
4
Let w = 1 + -1. Suppose w*u - u = -5. Suppose 10*b = u*b + 35. What is the units digit of b?
7
Suppose 0 = -3691*j + 3694*j - 2862. What is the tens digit of j?
5
Suppose 5*r = -4*c + 39, 3*r - 4*c - 43 - 6 = 0. Suppose 0 = -t + 2*m + r - 0, t = -3*m + 11. Let v = 13 + t. What is the tens digit of v?
2
Suppose 6 = -4*o - 2*u, -2*u = o + 9 - 0. Let r be (-12 - (-2 - -3))/o. Let g = 25 + r. What is the tens digit of g?
1
Let x(y) = -13 - 19 + 34 - 39*y. Let m be x(-5). Suppose 2*k = 2*i + 80, 5*k + i - 3*i = m. What is the tens digit of k?
3
Let q = 1342 - 1097. What is the units digit of q?
5
What is the units digit of (-2 + -2 + 3)*-512?
2
Let c = -33 - -47. Let u(j) = -j**3 + 15*j**2 - 12*j. What is the tens digit of u(c)?
2
Suppose -7*s + 7104 = -9598. What is the hundreds digit of s?
3
Suppose 0*j + 5*j = 1695. Let y = -230 + j. What is the tens digit of y?
0
Let z(a) = a**2 + 7*a + 2. Let v be z(-7). Suppose -v*b + 0*b + 4 = 0. What is the tens digit of b*(-4)/8 + 24?
2
Let v(f) = -f**2 + 62*f + f**2 - 61*f + f**2. Let m be v(0). Suppose -4*n + 18 + 6 = m. What is the units digit of n?
6
Let o(i) = 5*i - 25. Let m be o(6). Suppose -m*k + 1675 = 5*z, 5*k - 4*z = -3*z + 1681. What is the tens digit of k?
3
Let q be 10/(-60) + 1190/12. Let x = q + -49. What is the tens digit of x?
5
Let r(u) = u + 21. Let c(f) = -f**3 - 9*f**2 - 13*f - 2. Let y be c(-7). Let q be r(y). Let l = q + 27. What is the tens digit of l?
3
What is the tens digit of 1056 - ((2 - -4)/(-3) - 0)?
5
Let g = -163 + 204. What is the tens digit of g?
4
Let c be (-3)/(-5) + 90/(-150). Suppose -d - 100 + 279 = c. What is the units digit of d?
9
Suppose -36*k = 56*k - 378304. What is the thousands digit of k?
4
Let i be (1/2)/((-2)/(-8)). What is the tens digit of -2*(i - -1 - 8)?
1
Let c = 147 - 105. Let r = 70 - c. What is the tens digit of r?
2
Let l be (-2 - 16/(-12))*-18. Let j be ((-9)/l)/((-3)/12). What is the units digit of (-1 - (-5 + j)) + 17?
8
Let p(o) = o**2 + 10*o - 254. What is the tens digit of p(-46)?
0
Let r be (-3 - -16) + -4 - 4. Suppose 16 = -4*l, 3*q + q - 136 = r*l. What is the units digit of q?
9
Suppose 2*z + 3*s - 3 = 1, -8 = 4*z + 2*s. Let y be 10/(-1)*16/z. Suppose 0 = -0*f - 4*f + y. What is the units digit of f?
0
Suppose 3*g = -3*t + 9, g + 4*t = -2*g + 12. Let i be -42 + g + 1 + 0. Let u = 61 + i. What is the units digit of u?
0
Suppose -12*y + 5362 = -638. Suppose 636 = 8*q - y. What is the units digit of q?
2
Let p(u) = -118*u + 989. What is the units digit of p(-12)?
5
Let c(g) = -45*g + 6. Let b be c(-7). Let o = b + -185. What is the hundreds digit of o?
1
Let k(p) = 1197*p**2 - p. What is the thousands digit of k(-1)?
1
Let s be (42/(-18) - -2) + 16/3. Suppose -3*i + 103 = n, -4*n = s*i - 4*i - 434. What is the tens digit of n?
0
Let r = 0 + 7. Let p be (-2)/8*-6*4. Suppose -3 = -r*h + p*h. What is the units digit of h?
3
Suppose -11*y = -36 + 3. Suppose i = y*u + 20, 44 = 2*i - 5*u + 1. What is the units digit of i?
9
Let l = 237 + -135. Suppose -4*c + 2 = -l. What is the units digit of c?
6
Let f = 147 + 612. What is the tens digit of f?
5
Let p be 8/28 - 384/21. What is the units digit of 4 - (1 + 3*p)?
7
Let n(u) = 56*u - 9. What is the units digit of n(4)?
5
Suppose 2*q - s = 3*s + 916, -2*q = 2*s - 922. Suppose -6*c - 4 = -q. What is the units digit of c?
6
Let y(v) = -24*v - 3. Let n be y(-4). Suppose w - 2 = 5*j + 21, -3*j - n = -3*w. What is the tens digit of w?
3
Suppose 5*m = -f + 302, 4*f - 1160 = m + 3*m. What is the units digit of f?
2
Let a = 9 - 14. Let f(h) = -h**3 - 3*h**2 + 5*h - 9. What is the units digit of f(a)?
6
Let b = 45 - 46. What is the tens digit of (-2 - (-8)/4) + 90 + b?
8
Let w = 2 + 1. Suppose -j = -4*a + w*j, -2*j = 4*a. Suppose -2*x + 24 + a = 0. What is the units digit of x?
2
Suppose 0 = 3*l - 9, 30 = -4*k - l + 69. Suppose -7*d - 268 = -k*d. What is the hundreds digit of d?
1
What is the tens digit of 21111/62*16/6?
0
Suppose 0 = -212*x + 215*x - 1329. Let f = 670 - x. What is the tens digit of f?
2
Suppose -21*y + 26*y = 1520. Suppose -4*b = -5*k - 334, -10 - y = -4*b - 5*k. What is the units digit of b?
1
Let t(a) be the first derivative of 13*a**6/180 - a**5/120 + a**4/24 - 4*a**3/3 + 4. Let n(m) be the third derivative of t(m). What is the tens digit of n(1)?
2
What is the hundreds digit of 1432*(3 - (-5 + 4 + 3))?
4
Suppose 27*d = 20*d + 364. What is the units digit of d?
2
Let p = -10 - -25. Suppose p*r = 20*r - 300. What is the units digit of r?
0
Let f = -1344 - -3537. What is the hundreds digit of f?
1
Let q = -3020 - -5371. What is the units digit of q?
1
Let s(v) = v**2 + 3*v - 7. Let l be s(-5). Suppose -3*b = -2*q - 8, 6*b + 3*q - 18 = l*b. What is the tens digit of (46 + b)*(-2)/(-4)?
2
Let v(t) = -t**3 + 3*t**2 + 2*t - 4. Let r be v(3). Suppose 4*h + 3*l + 6 = 0, -h + 7 = 4*l + r. What is the tens digit of h + 0/2 + 38?
3
Let m(x) = 40*x**2 + 2*x - 19. What is the tens digit of m(3)?
4
Let s(q) = q**2 + 4. Let v be s(0). Let m be ((-6)/v)/(-3)*0. Suppose 2*o - 38 = -2*r, 3*o + m*o = -r + 59. What is the units digit of o?
0
Suppose 51 = 4*x + 139. Let q = -8 - x. Let b = 61 - q. What is the tens digit of b?
4
Suppose -27700 = -26*r + r. What is the units digit of r?
8
Let o(z) = 1. Let g(a) = 14*a**2 + 2*a + 6. Let l(s) = g(s) - 6*o(s). What is the tens digit of l(-2)?
5
Suppose 92*o = 66*o + 104000. What is the thousands digit of o?
4
Let z(b) = b**3 - 7*b**2 - 6*b - 10. Let j be z(8). What is the units digit of j/8 + (-12)/16 + 6?
6
Let m be 297/6*(-4)/(-3). Let p = -110 + m. Let g = p + 63. What is the tens digit of g?
1
Let s(k) = k**3 - 5*k**2 - 13*k - 3. Let j be s(7). What is the units digit of ((-158)/3)/(j/(-6))?
9
Let b(y) = 3*y - 24. Let s be b(9). Let u(v) = 5*v**3 - 4*v**2 + 4*v - 4. What is the tens digit of u(s)?
0
Let l(p) = -104*p - 24. What is the tens digit of l(-2)?
8
Let i(p) = -p**3 - 10*p**2 - 9*p + 3. Let q be i(-9). Let b(x) = x**3 + 8*x**2 + 2*x + 6. Let c be b(-4). Suppose q*w - 4 = c. What is the u